the highest common divisor of n and 80?
16
Suppose 4*d - 2*j - 32 = -0*j, -3*j + 32 = 4*d. Calculate the highest common divisor of d and 12.
4
Let q = 16 + -12. Suppose -4*g + 24 = q. What is the greatest common factor of 55 and g?
5
Let x = 49 - 7. Let d(z) = -z**3 - 2*z**2 - 7*z - 5. Let o be d(-5). Calculate the highest common divisor of o and x.
21
Let b = -75 + 203. What is the highest common divisor of b and 8?
8
Let w be (8/10)/(2/5). Suppose 3*l + w*p - 326 = -0*p, -585 = -5*l + 5*p. Calculate the greatest common divisor of 14 and l.
14
Let y(x) = x**2 - 5*x + 6. Let n be y(-7). Let j = 11 + -9. Suppose -12 = -j*d + 8. What is the highest common factor of n and d?
10
Let w = -121 + 236. What is the greatest common factor of 23 and w?
23
Suppose -v = v - 22. Let h be (3/(-9))/(1/(-3)). Let w(q) = 120*q**2 + 1. Let n be w(h). Calculate the greatest common factor of n and v.
11
Let c be -1*(3 + 0/4). Let m be (-8)/c*(0 + 87). Calculate the greatest common factor of m and 29.
29
Let m = -11 - -11. Suppose m = -f + 11 - 4. Calculate the greatest common factor of 63 and f.
7
Suppose d = 4*z - 0*d - 58, -z = -d - 16. Suppose 4*g - 24 = 3*c, -3*g = -3*c - 1 - z. What is the highest common factor of 9 and g?
9
Suppose 2*n = -57 + 77. Let w = 15 - -35. Calculate the greatest common divisor of w and n.
10
Let w = -11 - -20. Let j be 2/(-3) - (-726)/w. What is the highest common divisor of j and 10?
10
Let b be 2 + 1 + 0 + 0. What is the greatest common divisor of 27 and b?
3
Let c be (-13)/(-3) + (-2)/6. Suppose -y + c = -1. Calculate the greatest common divisor of y and 40.
5
Let j be 2/4*(1 + 1). Let g(s) = 8*s**3 + s**2 - s. Let i be g(j). Let t be 4 - -2 - (-6)/(-3). Calculate the highest common factor of i and t.
4
Let u(t) = t**2 - 8*t - 9. Let l be u(14). Calculate the highest common divisor of l and 50.
25
Let z(b) = b**3 - 4*b**2 + b - 3. Let d be z(4). Calculate the highest common divisor of d and 3.
1
Suppose 6*z - 13 - 155 = 0. What is the greatest common factor of 21 and z?
7
Let h(z) = -z**3 + 13*z**2 - 9*z - 10. Let i be h(12). What is the greatest common factor of i and 13?
13
Let c = 36 - 23. What is the greatest common divisor of 117 and c?
13
Suppose -5 = -2*g + 4*n + 3, -g + 13 = n. Let i be 52/(-8) + 3/2. Let r = i - -45. Calculate the greatest common divisor of r and g.
10
Suppose 2*l - 3*l + 14 = 3*n, 0 = -4*l - 3*n + 92. Calculate the greatest common factor of l and 13.
13
Suppose 2*c - j = 22, -3*j - 8 = j. Let x be 54/c + (-51)/(-85). What is the greatest common divisor of x and 48?
6
Suppose -2*b + 24 = 3*x + 1, 0 = -b + 3*x - 2. What is the highest common factor of 7 and b?
7
Suppose 0 = -5*b + 26 + 19. Let x = 11 + b. Suppose -x = -3*y + 10. Calculate the highest common factor of y and 2.
2
Let y = 15 - 6. Let j = -21 + 48. What is the greatest common divisor of y and j?
9
Let d(w) = -9*w. Suppose 0 = -5*z - 0*z. Let g = -1 + z. Let b be d(g). What is the highest common divisor of b and 99?
9
Suppose -2*u - 3*q = -19, 2*u + 25 = 7*u + 3*q. Calculate the highest common divisor of 2 and u.
2
Suppose 11*y - 7*y = 156. What is the highest common factor of y and 13?
13
Let d = -28 - -42. Let v be (d - -1) + (2 - 1). What is the greatest common divisor of 64 and v?
16
Let z(i) = i**2 + 3*i + 6. Let v be z(-5). Let g(s) = -5*s - 15. Let x be g(-11). What is the highest common divisor of v and x?
8
Let o = 24 + -9. What is the highest common divisor of o and 60?
15
Let r = 6 - 5. Let h be 30/9 - r/3. Let n be (-112)/(-8)*3/2. What is the greatest common factor of h and n?
3
Let u = 17 + -12. Let g(b) = -b**3 + 6*b**2 - b - 7. Let f be g(u). Calculate the greatest common factor of f and 143.
13
Let l = 3 + 0. Let t = -17 - -6. Let p = 4 - t. Calculate the highest common divisor of l and p.
3
Suppose -23*p + 27*p = 184. Calculate the greatest common factor of 46 and p.
46
Let t = 5 + -2. Let m be 2 + t + -1 - 2. Suppose 0 = 3*o + m - 23. Calculate the highest common divisor of 63 and o.
7
Let r(i) = i + 4*i - 1 - 4*i. Let j be r(1). Let h(q) = q + 21. Let y be h(j). What is the greatest common divisor of y and 14?
7
Suppose l - 6 = -1. Let b(g) = g**3 - 2*g - 3. Let u be b(l). What is the greatest common divisor of 14 and u?
14
Let a(r) = r**2 - 3*r - 2. Let i = 1 + 3. Let p be a(i). Let f(d) = d - 5. Let l be f(8). Calculate the highest common factor of l and p.
1
Suppose -12 = -2*v - h + 11, 5*h = 2*v - 41. What is the greatest common divisor of 221 and v?
13
Suppose s = 91 - 29. What is the highest common factor of 155 and s?
31
Let x = 33 + -13. Calculate the greatest common factor of 180 and x.
20
Let m = 7 - -56. Let i(w) = w**2 + 6*w + 2. Let r be i(-6). Suppose -r*q = -q - m. What is the highest common factor of q and 9?
9
Let w(o) = 4*o**2 + 7*o. Let h be w(-3). Let g be (158/(-8) + 1)*-4. Calculate the highest common divisor of h and g.
15
Let p be 80/6*12/8. What is the highest common factor of 50 and p?
10
Let a(m) = 5*m**2 - 15*m + 4. Let h be a(10). Suppose 4*r - h = -2*j, r - 1004 = -4*j - 261. Calculate the highest common divisor of j and 17.
17
Suppose 2*g + 8 = g. Let h(b) = -b - 6. Let m be h(g). What is the highest common factor of 16 and m?
2
Let p be -3 + 4 + 28 - 2. Calculate the greatest common divisor of 54 and p.
27
Let d(a) = 11*a**2 - 3*a. Let m be d(3). Calculate the highest common factor of 20 and m.
10
Suppose 0 = 5*j - 4*r - 235, -3*j - r + 137 - 13 = 0. Let k = -11 + j. What is the highest common factor of 48 and k?
16
Suppose 4*v - 60 = -v - x, 0 = -4*v - 5*x + 48. Calculate the greatest common divisor of v and 12.
12
Suppose 4*c + 5*z - 125 = 0, 4*c - 75 = -0*c + 5*z. Calculate the highest common divisor of c and 10.
5
Let c be (0/(-1) - 1)*-16. What is the greatest common divisor of c and 112?
16
Suppose 0 = -3*r - 3*a - 3, 0 = 3*r - r - 5*a - 19. Suppose 17 - 3 = r*o. Calculate the highest common factor of o and 49.
7
Let f(t) = 5*t**3 - 2*t**2 + t. Suppose 2*p + 2 = -2*r + 4, 0 = r + 2*p - 1. Let u be f(r). Let y = -4 - -8. What is the highest common factor of y and u?
4
Suppose 4*b - 264 = -4*o, -b - 4*o = -3*b + 132. Calculate the greatest common factor of 44 and b.
22
Let g(l) = l + 10. Let h be g(7). Calculate the greatest common factor of h and 187.
17
Suppose 0 = 3*o - 0*o - 12. Calculate the highest common factor of 6 and o.
2
Let k(c) = 2*c**3 - 3*c**2 - 3*c + 4. Let w be k(3). Suppose -6*o + 8*o = w. Let d = 22 - o. Calculate the greatest common factor of d and 11.
11
Suppose -d + 2*p + 14 = -2*d, 4*d - 2*p + 16 = 0. Let n(i) = 3*i + 9. Let g be n(d). Let x be 1 + (3 - g*2). What is the highest common divisor of x and 22?
22
Let h be 2 + (2 - (-1 + 3)). Suppose -c - 3*l = -51, 5*c - 170 = -0*l + h*l. What is the greatest common divisor of c and 12?
12
Let b(m) = -4*m**3 + 2*m**2 + 2*m. Let l be b(-2). Let a = 52 - l. What is the greatest common factor of a and 160?
16
Suppose -a + 0*a + 1 = 0. Let w be -1 - (1 - 4) - a. What is the highest common factor of 9 and w?
1
Suppose -3*k + 7*k = b - 8, -2*k + b = 4. Let v(s) = -2*s**3 - s**2 + 2. Let z be v(k). Calculate the highest common divisor of z and 112.
14
Let o = 1 + 1. Suppose 0*s = o*s. Let i be 14 - -2*(1 + s). Calculate the greatest common divisor of 8 and i.
8
Let b = 7 - -3. Let h(m) = 2*m**2 - 5*m + 2. Suppose -12 = -u - 3*u. Let n be h(u). Calculate the greatest common divisor of b and n.
5
Suppose -35 = -2*g - 5. What is the highest common divisor of 105 and g?
15
Suppose 5*m = -4*t + 780, 2*t = 5*t + 4*m - 584. Calculate the greatest common divisor of 50 and t.
50
Let x be (33/(-3))/(2/(-10)). Suppose 14*f - 176 = 6*f. Calculate the highest common divisor of f and x.
11
Let p = 22 - 19. Suppose 39 - 9 = 2*j. Calculate the highest common factor of j and p.
3
Let b(a) = -a**2 + 2*a + 7. Let o be b(5). Let k be 3/(-2)*o/(-12). Let j be (k + 0)/(3/(-42)). What is the greatest common factor of 112 and j?
14
Suppose -3*j = -7*j + 64. Suppose 4*g - 4 = j. What is the highest common divisor of g and 15?
5
Let f = 28 - 15. What is the greatest common factor of f and 91?
13
Let j = 47 + 44. Let s = j - 28. Calculate the greatest common divisor of 7 and s.
7
Suppose 4*m - 132 = -5*v, -m + 50 = 2*v + 2*m. Let r = -3632 + 7468. 